 11
Suppose 4 = -2*c, 4*o - 1709 = -c + 649. List the prime factors of o.
2, 5, 59
Suppose 5*o + 16 = -a + 160, -2*o = 4*a - 648. Suppose -a = -4*z - i, 5*i + 12 + 50 = z. Suppose -4*j + 10 + z = 0. What are the prime factors of j?
13
Suppose -3*i - 2*v - 218 = -0*i, -v = 3*i + 217. Let j be (32/i)/((-4)/18). Suppose -137 = -4*a - w - j*w, -4*w - 179 = -5*a. What are the prime factors of a?
5, 7
Let p(u) = -u**2 - 8*u - 3. Let q be p(-7). Suppose q*j = -0*j + 200. Suppose -2*k = b - j, -7*k + 4*k + 4*b = -53. List the prime factors of k.
23
Suppose 5*p - 35 = 3*r, -3*p - 19 = 2*r - 2. List the prime factors of 1/5 - (-1)/(r/(-798)).
2, 5
Let m = -3341 + 5583. List the prime factors of m.
2, 19, 59
Suppose -4*s - 4*z = -1528, -z + 18 = 13. List the prime factors of s.
13, 29
Suppose 1 = 2*a + 3*j, 2*a - 4 = 3*j + 3. Suppose 3*b + s = 616, a*b + 0*s = -5*s + 428. List the prime factors of b.
2, 3, 17
Let d(x) = x**3 - 3*x**2 + 6*x + 23. Let w(s) = 5*s**3 - 14*s**2 + 30*s + 115. Let h(m) = 11*d(m) - 2*w(m). List the prime factors of h(7).
163
Let t be (-3)/(3/(-5)) + -2. Let g be t/(2*(-3)/(-20)). Suppose 5*w + l = 43 + 70, -5*l = g. List the prime factors of w.
23
Let s(g) = 19*g**3 + 5*g**2 + 6*g + 9. What are the prime factors of s(3)?
3, 5, 13
Suppose 0 = -z + 63 - 7. Suppose -4*x = 4*b - 5*x - 224, 2*x + z = b. Suppose 5*h - b - 9 = 0. What are the prime factors of h?
13
Suppose -5*p - 3 - 12 = 0. What are the prime factors of ((-6)/4)/(p/30)?
3, 5
Suppose 275 = 4*h - 5*z - 2736, 2*h - 1506 = 2*z. What are the prime factors of h?
2, 13, 29
Let x = 20 - 13. Suppose -x*d + 3*d - 4*a + 148 = 0, 0 = -d + 3*a + 21. What are the prime factors of d?
3, 11
Let a = 66 + -64. Let j(w) = 110*w - 7. What are the prime factors of j(a)?
3, 71
Suppose -5*j = -3*y + 4*y + 6, 2 = -j. Suppose 3*b - 148 = -r - 0*r, y*b - 184 = 2*r. What are the prime factors of b?
2, 3
Let w(u) = -300*u + 1. List the prime factors of w(-8).
7
Let l(g) = g**2 + 6*g - 9. Suppose -y - 4 - 2 = 3*c, 2*y = 3*c + 15. Let d = c - 6. What are the prime factors of l(d)?
2, 3
Suppose 18 - 530 = -4*c. Let i be 14/6*(-28)/98*114. Let d = i + c. List the prime factors of d.
2, 13
Let s(j) be the first derivative of j**2 + j + 1/3*j**3 - 9. List the prime factors of s(-3).
2
Suppose 0 = -l + 7*s - 3*s + 192, 5*s = -10. What are the prime factors of l?
2, 23
Suppose y - 3 = -1. Suppose 4*m - y*f = 3 + 5, 3*f = -m + 9. Suppose 4*g - 113 = -q, -59 = -5*g + m*g - q. What are the prime factors of g?
3
Let y be 2*(-4)/((-24)/15). Suppose 3*m + 16 = -y. Let u = m + 10. List the prime factors of u.
3
Let w(d) = -d**3 - 18*d**2 + 17*d + 10. Let n = -98 + 79. What are the prime factors of w(n)?
2, 3
Let w be (-27)/2 - 24/(-16). Let t = w - -14. List the prime factors of (3 - t) + (-12)/(-3).
5
Let o(j) = -j + 39. Let t(c) = -c + 38. Let x(l) = -5*o(l) + 6*t(l). List the prime factors of x(0).
3, 11
Suppose 116 = 4*c + 8*v - 10*v, 2*c + 3*v = 74. List the prime factors of c.
31
Let t = -9 + 11. Let p(u) be the third derivative of u**6/60 + u**5/15 - u**4/6 + u**3/2 - 25*u**2. List the prime factors of p(t).
3
Suppose 4*n + w = 4, -n - 3*w + 8*w - 20 = 0. Let t be (-1 - n)/(-6 + 7). Let m = t + 35. List the prime factors of m.
2, 17
Let y(q) = -q**3 + 12*q**2 - 14*q - 5. Let g be y(11). List the prime factors of (g/(-6))/(3 - (-24)/(-9)).
19
Suppose 0 = -10*f + 2221 + 1299. List the prime factors of f.
2, 11
Let c(l) = l + 11. Let n be c(0). Let m = n + -6. Suppose -m*k = -10 - 0. List the prime factors of k.
2
Let a = -846 - -2246. List the prime factors of a.
2, 5, 7
Suppose -20*z = -28*z + 4104. List the prime factors of z.
3, 19
Suppose 32*q - 165 = 29*q. List the prime factors of ((-112)/10)/((-11)/q).
2, 7
List the prime factors of 1 + 2002 + -4 + 5 + -3.
3, 23, 29
What are the prime factors of ((-14)/21)/(3/(-1872))?
2, 13
Let r = -253 - -119. Let x = 194 + r. List the prime factors of x.
2, 3, 5
Suppose -66 = -13*i - 14. Let z(u) = -u**3 - u**2 + u + 80. Let b be z(0). Suppose 2*l = i*a - b, 3*l = -0*l - 12. What are the prime factors of a?
2, 3
Let n(v) = v**3 + 15*v**2 + 15*v - 11. Let c be n(-14). Let s = c - -103. What are the prime factors of s?
2, 3, 13
Let x(v) = -71*v + 24. Let k(h) = -107*h + 35. Let o(t) = 5*k(t) - 7*x(t). What are the prime factors of o(-2)?
83
Let j(l) = -19*l + 27. Let i = -23 + 16. What are the prime factors of j(i)?
2, 5
Let z be (12*(-4)/(-6))/((-16)/(-40)). List the prime factors of 2 + 2052/z - 6/10.
2, 13
Let w = 3370 + 42. List the prime factors of w.
2, 853
Let u = -31 + 33. What are the prime factors of (-66)/(-2)*(-1 + u)?
3, 11
Suppose 0 = -10*r + 1617 + 573. List the prime factors of r.
3, 73
Suppose 3*w + 3*p = 2469, -2*p - 3298 = -4*w - 0*p. List the prime factors of w.
2, 103
Let v = 318 - 190. What are the prime factors of v?
2
Let s(q) = q**2 + 2*q - 4. Let i = 5 + -10. Let t be s(i). Suppose 2*l - t = -3. List the prime factors of l.
2
Let l = 4 - 4. What are the prime factors of 67 - (l - -2 - (7 - 5))?
67
Let o = -130 - -189. Let i be o*(-3)/6*-2. Suppose -d - 5*a = -41, 3*d - i = 2*d + a. What are the prime factors of d?
2, 7
Let m(g) = -g + 12. Let d be m(8). Let p = d + 34. Suppose -s + 3*i + 54 = 0, -s + 4*i = -21 - p. List the prime factors of s.
3, 13
Suppose 0 = -3*r + 61 + 1874. What are the prime factors of r?
3, 5, 43
What are the prime factors of 8/(-8) - (-483 + (-5 - -2))?
5, 97
Let q be (-1490)/(-12) + -1 + (-10)/60. Suppose 3*l = -q + 552. What are the prime factors of l?
11, 13
Suppose h - 12 = -0*h. Let x = -14 + h. List the prime factors of x - -2 - (-12 + -9).
3, 7
Let l = 210 + 250. What are the prime factors of l?
2, 5, 23
Let y(f) be the second derivative of -f**5/20 + 7*f**4/12 - 5*f**3/6 + 3*f**2 + 3*f. Let l = -14 + 19. What are the prime factors of y(l)?
31
Let i be 1285/15 - (-4)/(-6). Suppose i = 5*b - 0*b. List the prime factors of b.
17
Let n(o) = -o**3 - 22*o**2 - 21*o - 26. List the prime factors of n(-23).
2, 17, 29
Suppose c - 5*w + 1005 = 4*c, 0 = -4*w. List the prime factors of c.
5, 67
Suppose -4*g = -1 - 7. Let w(c) = 22*c**2 - 4*c. Let p be w(g). Suppose 10*h - 6*h = p. What are the prime factors of h?
2, 5
Let l = 92 + -186. Let m = l - -116. List the prime factors of m.
2, 11
Suppose -7*r + 1819 = 48. What are the prime factors of r?
11, 23
Let w = 917 + -269. What are the prime factors of w?
2, 3
Let b = -4 - 8. Let u be (-2 + (4 - 1))*b. Let p = u + 47. What are the prime factors of p?
5, 7
Let a(q) = q**3 - 7*q**2 + q + 3. Let r(j) = -3*j - 17. Let g be r(-8). Let n = 1 + g. What are the prime factors of a(n)?
3, 5
Let q(a) = a**3 + a**2 - a - 54. Let v be q(0). Let t = -5 - v. What are the prime factors of t?
7
Let j be -1 - -4 - 2/1. Let b(c) = 137*c**3 + c**2 + c - 2. List the prime factors of b(j).
137
Suppose -58 = -j + 174. Suppose -5*f - 87 = -j. Let n = -11 + f. List the prime factors of n.
2, 3
Suppose 7222 = 3*y - i, 0 = 4*y - 32*i + 31*i - 9629. What are the prime factors of y?
29, 83
Suppose 5*l = 9*l + 252. What are the prime factors of 0 + (-4)/(-8) + l/(-6)?
11
Suppose -33*q - 2 = -34*q. Suppose -y + q*i - 3*i = -75, i = -5. What are the prime factors of y?
2, 5
Suppose 5*g - 6*v = -5*v + 8, -4*g = v - 10. List the prime factors of (-2 + -46)*-1 + g.
2, 5
Let l be 5/20 - (-450)/(-8). Let y = l - -115. What are the prime factors of y?
59
Suppose 9850 = 12*n - 1274. What are the prime factors of n?
3, 103
Let l(n) = n**2 - 9*n + 12. Let z(u) = -u**3 - 16*u**2 - 17*u - 22. Let p be z(-15). Let o be l(p). Suppose o + 5 = 3*i. List the prime factors of i.
3
Let f be (15/(-12))/(2/16). Let x = f - -12. List the prime factors of x/(-2 - 0) + 6.
5
Suppose 62 + 123 = r. What are the prime factors of r?
5, 37
List the prime factors of (-7)/(-70) + 13527/30 + -4.
3, 149
Let h(j) = -j**3 - 48*j**2 - 50*j - 257. What are the prime factors of h(-48)?
2143
Let s be (1 - 0)/(1/2). Suppose -2*d - d - 3*v + 183 = 0, -s*v = 4*d - 234. Let z = d + -27. List the prime factors of z.
29
List the prime factors of -4*(-161)/7*2.
2, 23
List the prime factors of (-30)/9*(-31)/(465/13158).
2, 17, 43
Suppose 0*y = -4*y - 2200. Let q = y - -800. List the prime factors of q.
2, 5
Suppose 9*r - 154 = 7640. What are